{"id":1085,"date":"2020-12-01T11:44:53","date_gmt":"2020-12-01T10:44:53","guid":{"rendered":"http:\/\/95.2.5.201\/cultursca\/?page_id=1085"},"modified":"2024-04-03T07:55:11","modified_gmt":"2024-04-03T06:55:11","slug":"collecte-des-donnees-personnelles","status":"publish","type":"page","link":"https:\/\/cultursca.scaouest.info\/index.php\/collecte-des-donnees-personnelles\/","title":{"rendered":"Politique de confidentialit\u00e9"},"content":{"rendered":"\t\t<div data-elementor-type=\"wp-page\" data-elementor-id=\"1085\" class=\"elementor elementor-1085\">\n\t\t\t\t\t\t<section class=\"elementor-section elementor-top-section elementor-element elementor-element-3f740114 elementor-section-boxed elementor-section-height-default elementor-section-height-default wpr-particle-no wpr-jarallax-no wpr-parallax-no wpr-sticky-section-no\" data-id=\"3f740114\" data-element_type=\"section\">\n\t\t\t\t\t\t<div class=\"elementor-container elementor-column-gap-default\">\n\t\t\t\t\t<div class=\"elementor-column elementor-col-100 elementor-top-column elementor-element elementor-element-45239554\" data-id=\"45239554\" data-element_type=\"column\">\n\t\t\t<div class=\"elementor-widget-wrap elementor-element-populated\">\n\t\t\t\t\t\t<div class=\"elementor-element elementor-element-ee01f47 elementor-widget elementor-widget-text-editor\" data-id=\"ee01f47\" data-element_type=\"widget\" data-widget_type=\"text-editor.default\">\n\t\t\t\t<div class=\"elementor-widget-container\">\n\t\t\t\t\t\t\t\t\t<p><\/p>\n<p><strong>Politique de confidentialit\u00e9<\/strong><\/p>\n<p><\/p>\n<p><\/p>\n<p><strong>Donn\u00e9es personnelles<\/strong><\/p>\n<p><\/p>\n<p><\/p>\n<p>Dans le cadre du r\u00e9seau d\u2019entreprise, Cultur\u2019sca est amen\u00e9 \u00e0 collecter et \u00e0 traiter des donn\u00e9es personnelles (nom, pr\u00e9nom, adresse mail).<\/p>\n<p><\/p>\n<p><\/p>\n<p>Ces informations permettent d\u2019inscrire les salari\u00e9s et de les contacter si besoin ; leur communication est donc indispensable \u00e0 l\u2019utilisation du r\u00e9seau d\u2019entreprise.<\/p>\n<p><\/p>\n<p><\/p>\n<p>En cas d\u2019\u00e9volution\/de modification des donn\u00e9es personnelles communiqu\u00e9es, il vous est demand\u00e9 d\u2019en informer par mail Cultur\u2019Sca \u00e0 l\u2019adresse suivante : <a href=\"mailto:culture.scaouest@scaouest.leclerc\">culture.scaouest@scaouest.leclerc<\/a><\/p>\n<p><\/p>\n<p><\/p>\n<p>La SCA Ouest attache une grande importance au respect de la vie priv\u00e9e.<\/p>\n<p><\/p>\n<p><\/p>\n<p>C\u2019est pour cela que Cultur\u2019sca n\u2019utilise que les donn\u00e9es de mani\u00e8re confidentielle et uniquement pour la gestion de son r\u00e9seau d\u2019entreprise.<\/p>\n<p><\/p>\n<p><\/p>\n<p>L\u2019application peut \u00e9galement recueillir des informations de type \u00ab web analytiques \u00bb. Toutes ces informations sont transmises de fa\u00e7on anonyme via les cookies.<\/p>\n<p><\/p>\n<p><\/p>\n<p><strong>Utilisation des donn\u00e9es et finalit\u00e9s du traitement<\/strong><\/p>\n<p><\/p>\n<p><\/p>\n<p>Les donn\u00e9es transmises sont utilis\u00e9es afin de cr\u00e9er votre compte utilisateur sur le r\u00e9seau d\u2019entreprise et d\u2019\u00e9changer si besoin.<\/p>\n<p><\/p>\n<p><\/p>\n<p>Les donn\u00e9es \u00ab web analytiques \u00bb sont collect\u00e9es de fa\u00e7on anonyme par notre outil Statistiques.<\/p>\n<p><\/p>\n<p><\/p>\n<p>Elles nous permettent de mesurer le nombre de connexion, consultations et les \u00e9ventuels bugs afin d\u2019am\u00e9liorer l\u2019exp\u00e9rience de nos utilisateurs.<\/p>\n<p><\/p>\n<p><\/p>\n<p>Ces donn\u00e9es sont utilis\u00e9es par SCA OUEST, repr\u00e9sent\u00e9 par Mr Bouilly, responsable du traitement des donn\u00e9es et ne seront jamais c\u00e9d\u00e9es \u00e0 un tiers ni utilis\u00e9es \u00e0 d\u2019autres fin que celles d\u00e9taill\u00e9es ci-dessus.<\/p>\n<p><\/p>\n<p><\/p>\n<p><strong>Base L\u00e9gale<\/strong><\/p>\n<p><\/p>\n<p><\/p>\n<p>Les donn\u00e9es personnelles sont collect\u00e9es qu\u2019apr\u00e8s consentement obligatoire de l\u2019utilisateur. Ce consentement est recueilli lors de votre signature sur le formulaire d\u2019inscription<\/p>\n<p><\/p>\n<p><\/p>\n<p><strong>Dur\u00e9e de conservation<\/strong><\/p>\n<p><\/p>\n<p><\/p>\n<p>Les donn\u00e9es seront sauvegard\u00e9es tout au long de votre inscription. Elles seront supprim\u00e9es \u00e0 la suite de votre demande de d\u00e9sinscription ou \u00e0 la fin de votre contrat en SCA Ouest.<\/p>\n<p><\/p>\n<p><\/p>\n<p><strong>S\u00e9curit\u00e9 des donn\u00e9es personnelles<\/strong><\/p>\n<p><\/p>\n<p><\/p>\n<p>Toutes les donn\u00e9es personnelles sont g\u00e9r\u00e9es par OVH, h\u00e9bergeur de notre r\u00e9seau.<\/p>\n<p><\/p>\n<p><\/p>\n<p>OVH s\u2019engage sur une s\u00e9curit\u00e9 optimale de ses infrastructures, notamment en ayant mis en place une politique de s\u00e9curit\u00e9 des syst\u00e8mes d\u2019information et en r\u00e9pondant aux exigences de plusieurs normes et certifications (certification PCI-DSS, certification ISO\/IEC 27001, attestations SOC 1 TYPE II et SOC 2 TYPE II, etc.)<\/p>\n<p><\/p>\n<p><\/p>\n<p><strong>Cookies<\/strong><\/p>\n<p><\/p>\n<p><\/p>\n<p>Voici la liste des cookies utilis\u00e9es :<\/p>\n<p><\/p>\n<p><\/p>\n<p>Statistics : Web analytics<\/p>\n<p><\/p>\n<p><\/p>\n<p>Bandeau cookies<\/p>\n<p><\/p>\n<p><\/p>\n<p><strong>Vos droits concernant les donn\u00e9es personnelles<\/strong><\/p>\n<p><\/p>\n<p><\/p>\n<p>Vous disposez des droits suivants :<\/p>\n<p><\/p>\n<p><\/p>\n<ul class=\"wp-block-list\">\n<li>d\u2019acc\u00e8s \u00e0 vos donn\u00e9es ;<\/li>\n<li>de rectification de vos donn\u00e9es ;<\/li>\n<li>d\u2019effacement (ou \u00ab droit \u00e0 l\u2019oubli \u00bb) de vos donn\u00e9es ;<\/li>\n<li>de portabilit\u00e9 de vos donn\u00e9es (r\u00e9cup\u00e9ration de vos donn\u00e9es pour les transmettre \u00e0 un tiers) ;<\/li>\n<li>de limitation du traitement de vos donn\u00e9es ;<\/li>\n<li>de retrait de votre consentement, \u00e0 tout moment, sans que cela ne porte atteinte \u00e0 la lic\u00e9it\u00e9 du traitement effectu\u00e9 avant ce retrait.<\/li>\n<\/ul>\n<p><\/p>\n<p><\/p>\n<p>Vous pouvez retirer votre consentement concernant le traitement de vos donn\u00e9es, en nous contactant directement par email : Cultur\u2019SCA &#8211; email : <a href=\"mailto:culture.scaouest@scaouest.leclerc\">culture.scaouest@scaouest.leclerc<\/a><\/p>\n<p>Vous pouvez supprimer votre compte en allant dans \u00ab\u00a0Modifier le profil\u00a0\u00bb &gt; \u00ab\u00a0Supprimer votre compte\u00a0\u00bb, ou bien directement&nbsp;<a href=\"https:\/\/cultursca.scaouest.info\/wp-admin\/options.php?page=plugin_delete_me_confirmation\" target=\"_blank\">en suivant ce lien<\/a>.<\/p>\n<p><\/p>\n<p><\/p>\n<ul class=\"wp-block-list\">\n<li>de r\u00e9clamation aupr\u00e8s de la Commission Nationale de l\u2019Informatique et des Libert\u00e9s (CNIL) ;<\/li>\n<li>de demander des informations sur la collecte et le traitement de vos donn\u00e9es.<\/li>\n<\/ul>\n<p><\/p>\n<p><\/p>\n<p>Il pourra \u00eatre refus\u00e9 de donner suite \u00e0 certaines demandes manifestement infond\u00e9es ou excessives, notamment si elles sont r\u00e9p\u00e9t\u00e9es, ou si elles rendent impossible l\u2019ex\u00e9cution d\u2019une obligation r\u00e9glementaire.<\/p>\n<p><\/p>\n<p><\/p>\n<p>Pour davantage d\u2019informations sur la protection de vos donn\u00e9es personnelles, et l\u2019exercice de vos droits, vous pouvez vous rapprocher du responsable de traitement SCA OUEST, repr\u00e9sent\u00e9 par Mr Bouilly, \u00e0 l\u2019adresse mail suivante : <a href=\"mailto:culture.scaouest@scaouest.leclerc\">culture.scaouest@scaouest.leclerc<\/a><\/p>\n<p><\/p>\n<p><\/p>\n<p>Le d\u00e9l\u00e9gu\u00e9 \u00e0 la Protection des Donn\u00e9es (DPD) informe et conseille en interne sur la mise en conformit\u00e9 du RGPD, et contr\u00f4le sa bonne application.<\/p>\n<p><\/p>\n<p><\/p>\n<p>Ses coordonn\u00e9es sont les suivantes : M Christophe LE POL ou le cas \u00e9ch\u00e9ant, soci\u00e9t\u00e9 SCA OUEST \/ 02.40.85.10.10<\/p>\n<p><\/p>\t\t\t\t\t\t\t\t<\/div>\n\t\t\t\t<\/div>\n\t\t\t\t\t<\/div>\n\t\t<\/div>\n\t\t\t\t\t<\/div>\n\t\t<\/section>\n\t\t\t\t<\/div>\n\t\t","protected":false},"excerpt":{"rendered":"<p>Politique de confidentialit\u00e9 Donn\u00e9es personnelles Dans le cadre du r\u00e9seau d\u2019entreprise, Cultur\u2019sca est amen\u00e9 \u00e0 collecter et \u00e0 traiter des donn\u00e9es personnelles (nom, pr\u00e9nom, adresse mail). Ces informations permettent d\u2019inscrire les salari\u00e9s et de les contacter si besoin ; leur communication est donc indispensable \u00e0 l\u2019utilisation du r\u00e9seau d\u2019entreprise. En cas d\u2019\u00e9volution\/de modification des donn\u00e9es personnelles communiqu\u00e9es, il vous est demand\u00e9 d\u2019en informer par mail Cultur\u2019Sca \u00e0 l\u2019adresse suivante : culture.scaouest@scaouest.leclerc La SCA Ouest attache une grande importance au respect de la vie priv\u00e9e. C\u2019est pour cela que Cultur\u2019sca n\u2019utilise que les donn\u00e9es de mani\u00e8re confidentielle et uniquement pour la gestion de son r\u00e9seau d\u2019entreprise. L\u2019application peut \u00e9galement recueillir des informations de type \u00ab web analytiques \u00bb. Toutes ces informations sont transmises de fa\u00e7on anonyme via les cookies. Utilisation des donn\u00e9es et finalit\u00e9s du traitement Les donn\u00e9es transmises sont utilis\u00e9es afin de cr\u00e9er votre compte utilisateur sur le r\u00e9seau d\u2019entreprise et d\u2019\u00e9changer si besoin. Les donn\u00e9es \u00ab web analytiques \u00bb sont collect\u00e9es de fa\u00e7on anonyme par notre outil Statistiques. Elles nous permettent de mesurer le nombre de connexion, consultations et les \u00e9ventuels bugs afin d\u2019am\u00e9liorer l\u2019exp\u00e9rience de nos utilisateurs. Ces donn\u00e9es sont utilis\u00e9es par SCA OUEST, repr\u00e9sent\u00e9 par Mr Bouilly, responsable du traitement des donn\u00e9es et ne seront jamais c\u00e9d\u00e9es \u00e0 un tiers ni utilis\u00e9es \u00e0 d\u2019autres fin que celles d\u00e9taill\u00e9es ci-dessus. Base L\u00e9gale Les donn\u00e9es personnelles sont collect\u00e9es qu\u2019apr\u00e8s consentement obligatoire de l\u2019utilisateur. Ce consentement est recueilli lors de votre signature sur le formulaire d\u2019inscription Dur\u00e9e de conservation Les donn\u00e9es seront sauvegard\u00e9es tout au long de votre inscription. Elles seront supprim\u00e9es \u00e0 la suite de votre demande de d\u00e9sinscription ou \u00e0 la fin de votre contrat en SCA Ouest. S\u00e9curit\u00e9 des donn\u00e9es personnelles Toutes les donn\u00e9es personnelles sont g\u00e9r\u00e9es par OVH, h\u00e9bergeur de notre r\u00e9seau. OVH s\u2019engage sur une s\u00e9curit\u00e9 optimale de ses infrastructures, notamment en ayant mis en place une politique de s\u00e9curit\u00e9 des syst\u00e8mes d\u2019information et en r\u00e9pondant aux exigences de plusieurs normes et certifications (certification PCI-DSS, certification ISO\/IEC 27001, attestations SOC 1 TYPE II et SOC 2 TYPE II, etc.) Cookies Voici la liste des cookies utilis\u00e9es : Statistics : Web analytics Bandeau cookies Vos droits concernant les donn\u00e9es personnelles Vous disposez des droits suivants : d\u2019acc\u00e8s \u00e0 vos donn\u00e9es ; de rectification de vos donn\u00e9es ; d\u2019effacement (ou \u00ab droit \u00e0 l\u2019oubli \u00bb) de vos donn\u00e9es ; de portabilit\u00e9 de vos donn\u00e9es (r\u00e9cup\u00e9ration de vos donn\u00e9es pour les transmettre \u00e0 un tiers) ; de limitation du traitement de vos donn\u00e9es ; de retrait de votre consentement, \u00e0 tout moment, sans que cela ne porte atteinte \u00e0 la lic\u00e9it\u00e9 du traitement effectu\u00e9 avant ce retrait. Vous pouvez retirer votre consentement concernant le traitement de vos donn\u00e9es, en nous contactant directement par email : Cultur\u2019SCA &#8211; email : culture.scaouest@scaouest.leclerc Vous pouvez supprimer votre compte en allant dans \u00ab\u00a0Modifier le profil\u00a0\u00bb &gt; \u00ab\u00a0Supprimer votre compte\u00a0\u00bb, ou bien directement&nbsp;en suivant ce lien. de r\u00e9clamation aupr\u00e8s de la Commission Nationale de l\u2019Informatique et des Libert\u00e9s (CNIL) ; de demander des informations sur la collecte et le traitement de vos donn\u00e9es. Il pourra \u00eatre refus\u00e9 de donner suite \u00e0 certaines demandes manifestement infond\u00e9es ou excessives, notamment si elles sont r\u00e9p\u00e9t\u00e9es, ou si elles rendent impossible l\u2019ex\u00e9cution d\u2019une obligation r\u00e9glementaire. Pour davantage d\u2019informations sur la protection de vos donn\u00e9es personnelles, et l\u2019exercice de vos droits, vous pouvez vous rapprocher du responsable de traitement SCA OUEST, repr\u00e9sent\u00e9 par Mr Bouilly, \u00e0 l\u2019adresse mail suivante : culture.scaouest@scaouest.leclerc Le d\u00e9l\u00e9gu\u00e9 \u00e0 la Protection des Donn\u00e9es (DPD) informe et conseille en interne sur la mise en conformit\u00e9 du RGPD, et contr\u00f4le sa bonne application. Ses coordonn\u00e9es sont les suivantes : M Christophe LE POL ou le cas \u00e9ch\u00e9ant, soci\u00e9t\u00e9 SCA OUEST \/ 02.40.85.10.10<\/p>\n","protected":false},"author":1,"featured_media":0,"parent":0,"menu_order":0,"comment_status":"closed","ping_status":"closed","template":"","meta":{"site-sidebar-layout":"default","site-content-layout":"","ast-site-content-layout":"default","site-content-style":"default","site-sidebar-style":"default","ast-global-header-display":"","ast-banner-title-visibility":"","ast-main-header-display":"","ast-hfb-above-header-display":"","ast-hfb-below-header-display":"","ast-hfb-mobile-header-display":"","site-post-title":"","ast-breadcrumbs-content":"","ast-featured-img":"","footer-sml-layout":"","theme-transparent-header-meta":"","adv-header-id-meta":"","stick-header-meta":"","header-above-stick-meta":"","header-main-stick-meta":"","header-below-stick-meta":"","astra-migrate-meta-layouts":"default","ast-page-background-enabled":"default","ast-page-background-meta":{"desktop":{"background-color":"","background-image":"","background-repeat":"repeat","background-position":"center center","background-size":"auto","background-attachment":"scroll","background-type":"","background-media":"","overlay-type":"","overlay-color":"","overlay-opacity":"","overlay-gradient":""},"tablet":{"background-color":"","background-image":"","background-repeat":"repeat","background-position":"center center","background-size":"auto","background-attachment":"scroll","background-type":"","background-media":"","overlay-type":"","overlay-color":"","overlay-opacity":"","overlay-gradient":""},"mobile":{"background-color":"","background-image":"","background-repeat":"repeat","background-position":"center center","background-size":"auto","background-attachment":"scroll","background-type":"","background-media":"","overlay-type":"","overlay-color":"","overlay-opacity":"","overlay-gradient":""}},"ast-content-background-meta":{"desktop":{"background-color":"var(--ast-global-color-5)","background-image":"","background-repeat":"repeat","background-position":"center center","background-size":"auto","background-attachment":"scroll","background-type":"","background-media":"","overlay-type":"","overlay-color":"","overlay-opacity":"","overlay-gradient":""},"tablet":{"background-color":"var(--ast-global-color-5)","background-image":"","background-repeat":"repeat","background-position":"center center","background-size":"auto","background-attachment":"scroll","background-type":"","background-media":"","overlay-type":"","overlay-color":"","overlay-opacity":"","overlay-gradient":""},"mobile":{"background-color":"var(--ast-global-color-5)","background-image":"","background-repeat":"repeat","background-position":"center center","background-size":"auto","background-attachment":"scroll","background-type":"","background-media":"","overlay-type":"","overlay-color":"","overlay-opacity":"","overlay-gradient":""}},"footnotes":""},"class_list":["post-1085","page","type-page","status-publish","hentry"],"jetpack_sharing_enabled":true,"_links":{"self":[{"href":"https:\/\/cultursca.scaouest.info\/index.php\/wp-json\/wp\/v2\/pages\/1085","targetHints":{"allow":["GET"]}}],"collection":[{"href":"https:\/\/cultursca.scaouest.info\/index.php\/wp-json\/wp\/v2\/pages"}],"about":[{"href":"https:\/\/cultursca.scaouest.info\/index.php\/wp-json\/wp\/v2\/types\/page"}],"author":[{"embeddable":true,"href":"https:\/\/cultursca.scaouest.info\/index.php\/wp-json\/wp\/v2\/users\/1"}],"replies":[{"embeddable":true,"href":"https:\/\/cultursca.scaouest.info\/index.php\/wp-json\/wp\/v2\/comments?post=1085"}],"version-history":[{"count":16,"href":"https:\/\/cultursca.scaouest.info\/index.php\/wp-json\/wp\/v2\/pages\/1085\/revisions"}],"predecessor-version":[{"id":26224,"href":"https:\/\/cultursca.scaouest.info\/index.php\/wp-json\/wp\/v2\/pages\/1085\/revisions\/26224"}],"wp:attachment":[{"href":"https:\/\/cultursca.scaouest.info\/index.php\/wp-json\/wp\/v2\/media?parent=1085"}],"curies":[{"name":"wp","href":"https:\/\/api.w.org\/{rel}","templated":true}]}}